+ 39) - (-2 + (0 - 26)).
22
What is (43 - (7 + 9)) + -8 - 23?
-4
What is -15 + 47 + 12 - 22 - -19?
41
Evaluate (-43 - -30 - -23) + 1 + 1 + 0.
12
What is the value of -18 + (6 - ((-6 - -4) + 5)) + 6 + -14?
-23
Evaluate 117 - -1 - (-22686 + 22826).
-22
Evaluate 12 - (17 - -15) - (-15 + 47).
-52
What is the value of 82 + -49 + -78 - -153?
108
Evaluate 13 + -1 + 3 + -15 + (14 - 19).
-5
8 - (3 + -1 + 23 + 26 + -50)
7
What is 224 - 224 - (9 - (1 - -5))?
-3
Evaluate (-12 - -9) + 14 - (17 - 2).
-4
Calculate (1 - -3) + (4 - -1) + 49 + -50.
8
What is the value of (-1122 - -1161) + (-9 - 73)?
-43
What is the value of -37 + -43 + 120 - 39?
1
Calculate (-1084 + 586 - -510) + (-5 - (3 + -1 + -1)).
6
Calculate -70 - (-9 - -20) - -19 - (10 + 0).
-72
Evaluate 0 + (-3 - -8) - (5 + -46 + 34 + -36).
48
Calculate (27 - (-6 + 15 - 5)) + 10 - 12.
21
Calculate (-3 - -16) + -12 + (102 - 57).
46
What is the value of (-13 - -38) + -32 - 124 - -27?
-104
2 + 20 + 27 + -71 + 166
144
Evaluate (22 + -96 - -73) + 1 + -82 + 22.
-60
Calculate (131 - 168) + (-57 - -25).
-69
Calculate -39 + 1 + (-9 - (-5 + (4 + -13 - -10))).
-43
What is the value of 33 + (115 - 82) - 1?
65
Calculate 2318 - 2328 - (-5 + -5 + 1 + 61).
-62
Evaluate (-15 + 54 - -2) + 14 + 10 + -4 + -7.
54
Evaluate -71 + (57 - 28) - (-88 + -2).
48
What is 10 - ((59 - (200 + -80)) + (18 - -1))?
52
What is the value of -100 - (-78 - 136 - -80)?
34
What is the value of (9 - -23 - 30) + (-7 - -32) - 17?
10
What is -2 - (13 - (126 - (-6 - -37)))?
80
Evaluate 8 - (42 - (-24 - (34 - 75))).
-17
What is -63 - -45 - -16 - (1 + -49) - -15?
61
Calculate (0 - 10) + -494 + 568.
64
Calculate -7 - ((52 - 40) + -8 + 19).
-30
Calculate (1 - 12) + 29 + 1 + (-227 - -106 - -11).
-91
What is (13 + 14 - 78) + 31 + -1 + -77?
-98
Calculate 710 + -678 - (40 - -1) - (0 - -12).
-21
(-23607 - -23647) + (1 + -140 - -2)
-97
942 + -967 - (-85 + -2) - -36
98
What is -35 - ((-29 - 13) + 24) - -22?
5
What is the value of 110 - (61 - 84 - -197)?
-64
Calculate 128 + -12 - (-946 + 1122).
-60
-21 + -3 + (-2 - (36 - -13))
-75
What is (46 + 3 + -17 - 3) + (0 - 3)?
26
Evaluate 84 + (-96 - -41) - (3 - -29).
-3
39 + 0 + 1 - (8073 + -8087)
54
What is (70 - 196) + 176 + 55?
105
What is (66 + -30 - 0) + -75?
-39
Evaluate -5 - ((-29 - (-80 + 46)) + (-2 - -1)).
-9
Evaluate 55067 + -54996 - (0 + 0 + 4).
67
(0 - -80) + (-1623 - -1575)
32
Evaluate (-1 + -16 - 2) + 95 + -70 - 16.
-10
What is 66 + 34 + (-56 - -20 - -15)?
79
Calculate ((-15 - (-13 + -8)) + (-3 - 0) - 6) + 19.
16
What is the value of (-15 + 56 + -13 - -2) + 40?
70
Evaluate 43 - (-63 - (-58 - -8)).
56
(-166 - (14 + -28)) + (287 - 272)
-137
What is the value of (-36 - -43) + 0 + (4 - 1) + 6?
16
Evaluate (-7 - 0) + (93 - (22 + -9)) + -28.
45
What is 24 - ((25 - (28 + -27)) + -11)?
11
Evaluate -20 + (13 - -9) + -12 - -4.
-6
Calculate -44 - ((-13 + 2 - (63 + -65)) + (2 - -7)).
-44
What is the value of -34 - (-29 - -64 - 37)?
-32
Evaluate 10 + 42 + -6 + -29 + 7 + 6 + 9.
39
What is the value of (1 - 27) + (-596 - -583)?
-39
What is the value of -23 - (42 + -36 + -41)?
12
What is 1 + -12 - ((-416 - -399) + 2 + 1)?
3
28 - (1789 + -1760 + (0 - -33))
-34
What is 2 + 1 - (13 - (-5 + (-3 - -3) - 33))?
-48
What is -324 + 403 - (1 + -54)?
132
What is -20 + -1 + (-526 - -483) - 26?
-90
What is the value of (36 + -42 - (-3 - -1 - 1)) + (-17 - 2)?
-22
What is (45 - 73 - -1) + 8?
-19
Calculate (42 - -4) + 130 + -111 + -12 + 10.
63
What is 57 + (40 - 47 - 26 - -63)?
87
What is the value of 77 + -69 - (8 - (7 - 46))?
-39
Evaluate (-7 - (-56 - 71)) + -183.
-63
(1 - 6) + -4 - (-15 - (-12 - 9))
-15
What is the value of 4 + -3 - (-130 + 105) - (-1 + -1)?
28
Evaluate ((120 - -20) + -24 - 25) + -17.
74
Calculate -8 + (-26 + (22 - (21 + -2)) - 34).
-65
What is 2 - (-2 + -4 + (3 - -2)) - (109 - 80)?
-26
What is -130 + 135 + (3 - 17 - -7 - -59)?
57
Evaluate (350 - 317) + 1 + -59.
-25
Calculate -29 + (120 - (-25 + 22)) + -31.
63
Calculate -9 + (-44 - -75) - (-27 + -13).
62
(32 - (5 - (-2 + 4))) + (5 - (-7 + 16))
25
What is (32 - -3) + (406 - 378)?
63
Evaluate (61 + -15 - 51) + 60.
55
Calculate (2 - (2 + -2 - (16 - 3))) + 42.
57
What is the value of -20 + (-51 + -5 - -40)?
-36
Calculate 7 + (4 - ((-16 - (-7 + 3)) + 5)).
18
-12 - (4 + -33 + 6 - (-2 + -8))
1
What is -12 + (10 - 18) + -7 + 17 + (11 - -8)?
9
Calculate -31 - (2 - -85) - -8 - -28.
-82
Calculate 45 + 1 + (3899 - 3891).
54
Evaluate -9 + 24 - 7 - (-1 + (6 - 13 - 3)).
19
What is 6 + (19 - (41 - -6)) + 6 - 24?
-40
Evaluate 164 + 2 - (746 - 652).
72
(7 - (-6 + 14 + 11 + -11)) + -6
-7
What is the value of 111 - (-10 + 121) - (0 + -22) - -55?
77
(-44 - 7 - -7) + 23
-21
39 + 0 + -18 + 755 + -780
-4
What is -603 - -667 - (7 - -3)?
54
Evaluate -6 + -8 + -2 + -20 - 23.
-59
What is the value of (-67 - -59) + 19 + -7 + -9 - (-2 - -13)?
-16
Evaluate (-7 - (8 - 18)) + -22 + (200 - 214).
-33
19 + (-6 - (-9 - -7)) + (52 - 46) + 10
31
Calculate (2 - (-13 - -1)) + (-62 - (115 - 182)).
19
What is the value of (-1 + -24 - -36 - (-3 - 5)) + -6?
13
What is (0 - -6) + (82 - 96) + -11?
-19
What is (12 - 41) + 15 + (-3 - -77) + -6 + 0?
54
-10 + 22 + (0 - 0 - (-107 + 103))
16
Evaluate (0 - (82 + 1)) + (-34 - ((34 - -39) + -95)).
-95
Calculate 3 - (-3 - -10) - (1 - (5 - (-20 + -6))).
26
5 - (37 + -8) - (153 - 139)
-38
Calculate -3 + 90 - (-1362 + 1309).
140
Evaluate 6 + -99 + (-17 - -26) + (-15 - 8).
-107
Evaluate (-4 - (1 + 1 + (24 - 25) - -4)) + -7.
-16
What is the value of 0 - -2 - (-27 + (-19 - -44))?
4
(14 - 35) + (-1 - -18) + -36
-40
Calculate 1 + 1 + 1 + 6 + 48 + -161 + 89.
-15
Calculate (8 - (37 - 15)) + 114 - (-2 + 5 + 1).
96
What is the value of 1 + 6 - (-31 - (-17 + -44))?
-23
Calculate (185 - 222) + -129 + 36.
-130
Calculate 12 + (23 - (180 - (17 - 22 - -27))).
-123
What is the value of 293 + -170 + 1 + -53?
71
12 - (5 + -5) - (5 + (-3 - 1))
11
Calculate 30 - (-5 - -21 - (36 - -6)).
56
(-11 + 12 - -1) + -8
-6
What is the value of -8 - (-12 - -8) - 14 - -12 - -34?
28
What is the value of 1 + 19 - (56 - (-85 - -62))?
-59
What is (-3 - ((2 - (-6 + -4)) + -13)) + -50?
-52
What is the value of (5 - 46) + 1 + (17 + -19 - 7)?
-49
(6 - 3) + 3 - (97 + -214 - -151)
-28
Calculate 2 - 3 - (62 + -14) - (-48 + 11 - -27).
-39
What is -7 + -6 + 26 - (48 + -64) - 19?
10
What is 45 - (8 + 44 + -8)?
1
Evaluate 168 + 213 + -337 + (-1 - -61).
104
What is the value of -143 - (-138 + -26) - ((-1 - -2) + 2)?
18
Calculate 674 + -723 - (4 - 34).
-19
Evaluate (1 - 3) + (81 - 243) + 179.
15
Evaluate -554 + 641 - (-6 - -108).
-15
Evaluate -13 + 13 - -13 - (3 - (-8 + 24)).
26
What is the value of (-3 + -1 - (-3 - (-8 + -12 - 26))) + -12?
-59
Evaluate -2 + 9 + -403 + 346.
-50
Calculate (0 - -79) + (-12 - -35 - (15 - -4 - 4)).
87
Calculate 250 + -237 + (1 - 4) + -58 + 28.
-20
Evaluate (-1 + (15 - 7) - (4 + 0 + -7)) + -107.
-97
What is the value of -35 + -56 + 60 + -45?
-76
What is the value of -24 + (0 - 11) + (-10 + -4 - -25)?
-24
Evaluate (-37 - (-67 + 37)) + 45.
38
2 + (3 - (-11 - -13)) - 57
-54
What is the value of (-4 - 43) + -108 + -105 + 193?
-67
Evaluate -478 - -514 - (69 + -4).
-29
Evaluate 14 - (0 + 2) - ((167 - 80) + -80).
5
Calculate (4 - (-9 + 0 + (111 - 98))) + -8.
-8
Calculate -1 + 11 + (1 - -3) + 7.
21
What is (45 - 38) + -39 - -87?
55
-62 + (-36 - -37 - 10 - (1 - 2 - 14))
-56
Evaluate 17 + (-34 - 86) - -61.
-42
Calculate 265 + -310 + (-5 - (0 + -5)) + 10.
-35
What is the value of -50 - 0 - (0 + -14 + (-83 - -52 - -49))?
-54
What is -34 - (-1 - 1) - (326 - 175 - 148)?
-35
Evaluate 2 + 0 - 35 - (5644 - 5568).
-109
What is 7 + 7 + -1 + 7 + -10?
10
What is the value of -44 - (577 + -578 - (8 + -4 + 10))?
-29
What is (-3 - -22) + -271 + 251 + -5?
-6
Calculate 1 + (7 - 5) + -6 + 51.
48
Calculate -22 - (-2 - (4 + 37 + -14)).
7
Calculate 803 - 783 - (18 - 9).
11
What is (10 - -4) + -28 + (-18 - -5) + 1?
-26
88 + (11 + -18 + 6 + 8 - 15) + 11
91
Evaluate (17 - (-113 + 53)) + -53.
24
12 + -1 + (-274 + 160 - -81)
-22
58 - (92 - -14) - -22
-26
What is (73 - -1) + (-26 - ((-72 - (-7 + -13)) + 26))?
74
What is the value of (55 - (-1 - -13 - (-3 - (-51 - -40)))) + -13?
38
Evaluate -19 + (-105 - -2) + 89 + (1 - -21).
-11
What is the value of 23 - (53 + (-56 - -51))?
-25
Calculate (-6 - -5) + 43 + (18 - (-5 - -21)).
44
C